f 24 and c.
24
Suppose -7*j + 70 = -0. Let h(i) = -i**3 - i + 9. Let u be h(0). Let k(t) = -t**2 + 11*t + 2. Let c be k(u). What is the greatest common divisor of c and j?
10
Let p(w) = -w**3 + 9*w**2 - 5*w + 4. Let z be p(8). Suppose 242*j - 258*j = -64. Calculate the highest common divisor of z and j.
4
Suppose 6*k - 22*k + 1024 = 0. Suppose -46 - k = -2*x. What is the highest common divisor of x and 22?
11
Let r be (3*(-3)/4)/((-9)/144). What is the highest common divisor of 192 and r?
12
Let y be (0 - 3/(-9) - 0)*33. Let t(x) = x**2 - 7*x - 4. Let v be t(y). Calculate the highest common factor of 10 and v.
10
Suppose -3*w + 315 = -636. Let l = w + -74. What is the greatest common divisor of l and 27?
27
Let w be (2272/(-213))/((-2)/6). What is the greatest common factor of w and 2096?
16
Let p(g) = g**2 - 6*g + 33. Let i be p(8). Suppose 4*d = -b + i + 86, 3*d = -5*b + 760. Calculate the greatest common divisor of b and 31.
31
Suppose 650 = 7*t + 3*t. Suppose 7 = 4*b - t. Calculate the greatest common divisor of 6 and b.
6
Suppose -2*g + 3*f + 1193 = 0, g - 601 = 9*f - 6*f. What is the greatest common factor of g and 37?
37
Let a = -180 - -310. Let g = 37 - 24. What is the highest common divisor of a and g?
13
Suppose 4*r = r + 9. Suppose -94 - 146 = -r*k. Let b = -11 + 27. Calculate the greatest common divisor of b and k.
16
Suppose -19*t = -24*t + 75. Calculate the highest common factor of t and 75.
15
Let g be 9/3 + -7 + (-4440)/(-8). What is the highest common factor of 19 and g?
19
Let j = 83 + -42. Let w = -32 + j. What is the greatest common divisor of w and 18?
9
Suppose 0 = 2*i + 3*i - 40. Suppose 0 = -3*v + i*v - 80. Let x be -36*((-8)/12)/1. Calculate the highest common divisor of v and x.
8
Suppose -4*m + 670 = 2*r, 2*r + 4*m = -2*r + 1320. Let q = r - 229. What is the greatest common factor of 12 and q?
12
Let s = 1448 - 1440. Let c(i) = 3*i**2 - 3*i + 2. Let l be c(3). What is the greatest common divisor of s and l?
4
Suppose 62 - 20 = d + 3*o, 2*d = -3*o + 72. Calculate the greatest common factor of d and 960.
30
Suppose 16*g = 2064 + 2336. What is the highest common divisor of g and 99?
11
Suppose -3*r = -b + 64, 0*b = 5*r - 2*b + 108. Let v be -1 + (-1 - (r + -2)/1). Calculate the greatest common factor of v and 4.
4
Let s(w) = 6*w - 6. Let a be (14/(-4))/(12/(-24)). Let m be s(a). What is the highest common divisor of 396 and m?
36
Suppose -b = -3*m + 505, -b = 6*m - m - 831. Let l = m - 77. Let q = -32 + 68. What is the greatest common divisor of l and q?
18
Let p = 445 - 429. Calculate the greatest common divisor of 640 and p.
16
Let v(w) = 2*w**2 - 11*w - 4. Let x be v(-2). What is the highest common divisor of 8 and x?
2
Suppose p - 81 = -3*j, 201 + 31 = 3*p - 2*j. Calculate the highest common divisor of p and 52.
26
Let p be 9/2*(11 + 78 + 13). What is the greatest common divisor of p and 68?
17
Let u = 140 - -4. Calculate the highest common factor of 18 and u.
18
Let m(u) = 6*u - 17. Let d be m(6). Let n(o) = -o**3 + 20*o**2 - 17*o - 14. Let c be n(d). Calculate the highest common divisor of c and 96.
24
Let s(b) = -31*b + 35. Let r be s(0). Calculate the greatest common factor of r and 20.
5
Let p = 375 - 183. Calculate the highest common factor of 3 and p.
3
Suppose -h - 1 = 4, 3*h = -3*t - 75. Let o be t/3*((-6)/5 - 0). What is the greatest common divisor of o and 72?
8
Let f be 25/30*-2*36/(-15). Let z = 15 + -10. Suppose 2 + 4 = -4*s + z*m, 5*s + m = 7. What is the greatest common factor of s and f?
1
Suppose -7*b = -12*b + 300. Suppose 2*c + 4*c - b = 0. What is the greatest common divisor of c and 4?
2
Let t = -313 + 555. Calculate the highest common divisor of t and 110.
22
Let o be 2*25/8*4. Let q be 368/36 + o/9 + -3. Calculate the highest common divisor of 6 and q.
2
Suppose 7*y - 45 = 39. What is the highest common factor of 228 and y?
12
Let f be 1/3 - 22/(-6). Suppose y - f*y + 135 = 0. Let p be 90/(-585) - 134/(-26). What is the greatest common divisor of p and y?
5
Let d(t) = t**3 + 5*t**2 + t - 2. Let a be d(-3). Suppose 0*p + 2*p + 6 = 0. Let u be 80/6 + p + (-16)/(-6). What is the greatest common divisor of u and a?
13
Suppose -3*p + 6 = 4*q - 0*q, -3*p = -2*q + 12. Let h be p/(((-33)/30)/11). What is the highest common factor of h and 50?
10
Suppose -4*k + 2*m + 97 = -m, 33 = k + m. Suppose -3*q + 14 = -l - l, 5*l + k = 4*q. Suppose -76 = g - q*g. Calculate the greatest common factor of g and 19.
19
Let z = 80 - 75. Suppose z*o + 8 - 89 = -3*m, 5*o + 4*m = 78. Suppose 4*n + 123 = 303. What is the highest common factor of n and o?
9
Let a = 285 - 61. Calculate the highest common factor of a and 32.
32
Suppose p = -w + 53, 5*w + p = 210 + 67. What is the highest common divisor of 448 and w?
56
Let r(l) = l**2 + 40*l + 76. Let k be r(-38). Suppose 0 = -6*q + 2*q + 120. Suppose k = -2*g + 22 + q. What is the greatest common divisor of g and 13?
13
Suppose 521 = 9*d - 64. What is the greatest common divisor of d and 20?
5
Let a be 2*3 + (-1540)/(-5) + 22. What is the highest common divisor of 63 and a?
21
Suppose -2*a + 576 = -6*a. Let y = a + 207. What is the greatest common divisor of 21 and y?
21
Let a(m) be the second derivative of 3*m**3/2 + 3*m**2/2 - 2*m. Let k be a(2). Let s be (-1)/(-2)*2*14. Calculate the greatest common factor of s and k.
7
Suppose -30*o + 34*o = -4. Let w be ((-32)/12 + o + 3)*-120. What is the greatest common factor of 10 and w?
10
Let g be (-3 - 2)*(-45)/9. Calculate the highest common divisor of 375 and g.
25
Let n(l) = -l**3 - l - 1. Let q(j) = -3*j**3 - 15*j**2 - 5*j. Let h(f) = 4*n(f) - q(f). Let u be h(15). What is the greatest common divisor of 33 and u?
11
Suppose -213 = 3*m + 222. Let k = -135 - m. What is the highest common divisor of 2 and k?
2
Let a be (-2)/(-12) + 1196/24. Let s be -2*15/6 + 15. What is the greatest common divisor of s and a?
10
Suppose -15*c - 1856 = -73*c. Calculate the highest common factor of c and 176.
16
Let j(d) = -13*d**2 + 10*d + 3. Let a be j(4). Let z = a + 381. Calculate the highest common factor of z and 24.
24
Let n be ((-23)/(-7) - (-10)/(-35))*23. What is the highest common factor of 92 and n?
23
Let p be (50/40)/(-1*1/(-108)). What is the greatest common divisor of p and 81?
27
Suppose -4*j + 9*j = -2*g + 444, -2*j + 189 = -3*g. Calculate the highest common factor of j and 10.
10
Let h(p) = 4*p - 5. Suppose 16 = 4*l - 20. Suppose -27 = -5*r + 2*y + l, -4*r + 27 = -y. Let q be h(r). Calculate the greatest common factor of 95 and q.
19
Let w be 4/(4 + (-976)/248). Calculate the greatest common divisor of w and 186.
62
Let t = 69 - -12. Let v be ((-10)/7)/5 + 130/14. What is the greatest common factor of t and v?
9
Let c(w) = 772*w - 114. Let y be c(2). What is the highest common factor of y and 260?
130
Let u(o) = 8*o - 14. Let s be u(18). What is the highest common factor of 30 and s?
10
Let z be 2*1/21 - -40*(-1904)/(-2940). Let o = 131 + -92. What is the greatest common factor of o and z?
13
Suppose -4*o + 48 = -0*c + 2*c, 6 = c - 4*o. Let q = 25 - c. Suppose -4*m + 9 = -q. Calculate the highest common factor of m and 2.
2
Let u be (-18)/(-4)*(-4 + 56). Suppose 2*p = -4*p + u. Calculate the highest common divisor of p and 13.
13
Let w be ((-28)/(-6))/(504/4752). Let b be 4 + -2 - 1 - 15. Let u = 8 - b. What is the greatest common divisor of u and w?
22
Let h(f) be the second derivative of f**3/6 + 12*f**2 + 13*f. Let n be h(-12). What is the highest common divisor of 12 and n?
12
Let j = 37 - 35. Suppose j*w - 110 = -0*w. What is the greatest common factor of 5 and w?
5
Let r = 526 + 158. Calculate the highest common factor of 36 and r.
36
Suppose -3*u - 77 = 3*n + 2*u, -4*u - 73 = 3*n. Let c = -17 - n. Calculate the highest common divisor of c and 10.
2
Let d = -27 - -39. Let a = -500 - -536. Calculate the highest common divisor of a and d.
12
Suppose -3*m = -2*m - 30. Let c = -1028 - -1046. Calculate the highest common factor of m and c.
6
Let f(l) = 374*l + 3. Let d be f(0). Let s = -21 - -54. What is the greatest common factor of d and s?
3
Suppose -4*g + 6825 = 11*g. Calculate the greatest common divisor of 585 and g.
65
Let j(u) = 45*u**2 - 36*u + 133. Let s be j(8). Calculate the highest common factor of 50 and s